{"id":2,"date":"2020-07-06T22:32:09","date_gmt":"2020-07-06T20:32:09","guid":{"rendered":"https:\/\/www.powertechsas.it\/shop\/?page_id=2"},"modified":"2024-10-09T16:34:56","modified_gmt":"2024-10-09T14:34:56","slug":"privacy_policy","status":"publish","type":"page","link":"https:\/\/www.powertechsas.it\/shop\/privacy_policy\/","title":{"rendered":"Privacy policy"},"content":{"rendered":"\n<p>Qui in Powertech prendiamo molto seriamente la privacy personale. Come regola generale powertechsas.it non raccoglie le tue informazioni personali a meno che tu non decida di fornirci tali informazioni. Quando scegli di fornirci le tue informazioni personali, stai dando a powertechsas.it la tua autorizzazione a utilizzare tali informazioni per gli scopi indicati nella presente informativa sulla privacy. Scegliere di non fornirci tali informazioni, potrebbe limitare le funzionalit\u00e0 e i servizi che \u00e8 possibile utilizzare su questo sito Web.<\/p>\n\n\n\n<p>Generalmente, le informazioni richieste da powertechsas.it verranno utilizzate per fornire al sito Web funzionalit\u00e0 o servizi all\u2019utente, come commenti, supporto o fornitura di contenuti futuri meglio adattati ai propri interessi. Una descrizione dell\u2019uso previsto da powertechsas.it di tali informazioni, del modo in cui tali informazioni vengono raccolte, delle misure di sicurezza adottate per proteggere tali informazioni e di come concedere o revocare il consenso per la raccolta e l\u2019utilizzo di tali informazioni sar\u00e0 descritto in dettaglio Sezione \u201cInformativa sulla privacy\u201d di questa pagina informativa sulla privacy.<\/p>\n\n\n\n<p>Alcuni dei servizi di questo sito Web ti consentono di inviarci un\u2019email. Utilizzeremo le informazioni fornite, come l\u2019indirizzo e-mail o il numero di telefono, solo per rispondere alla vostra richiesta. Tieni presente che le trasmissioni e-mail non sono crittografate per impostazione predefinita, pertanto ti consigliamo di non inviare informazioni sensibili quali numeri di previdenza sociale, numeri di carte di credito o dati del conto bancario tramite tali moduli di contatto.<\/p>\n\n\n\n<p>Se tale informazione \u00e8 richiesta, sar\u00e0 tramite una pagina web che indica chiaramente la pagina e la sua trasmissione di informazioni \u00e8 sicura e criptata. Tutti i messaggi elettronici ricevuti dai visitatori vengono cancellati quando non sono pi\u00f9 necessari.<\/p>\n\n\n\n<p>Powertechsas.it utilizza plug-in di commenti e social media e siti Web di terzi. Utilizziamo questi servizi di terze parti per interagire con i visitatori e per costruire la nostra community sui social media. Inoltre, utilizziamo questi servizi di terze parti per misurare il numero di visitatori del nostro sito Web, per interagire con i visitatori del sito e per rendere il nostro sito Web pi\u00f9 utile per i visitatori.<\/p>\n\n\n\n<p>In tali casi, l\u2019applicazione di terze parti pu\u00f2 richiedere un indirizzo email, nome utente, password, indirizzo IP (Internet Protocol) e posizione geografica per la registrazione dell\u2019account o scopi di accesso. Powertechsas.it non utilizza tali siti Web o servizi di terzi per raccogliere informazioni personali da individui. Qualsiasi informazione personale raccolta dal sito Web di terzi non verr\u00e0 archiviata o trasmessa da powertechsas.it, che non ha alcun controllo o accesso a specifiche informazioni di accesso o altre informazioni personali sensibili fornite a siti Web di terzi.<\/p>\n\n\n\n<p>Powertechsas.it utilizza i cookie per fornire un\u2019esperienza utente personalizzata sul sito. Un cookie \u00e8 un file di piccole dimensioni che un sito Web trasferisce sul tuo computer per consentire al browser di ricordare le informazioni sulla tua ultima sessione su quel sito. Il tuo computer condivide le informazioni nel cookie solo con il sito Web specifico che lo ha fornito e nessun altro sito web pu\u00f2 richiedere tali informazioni. Powertechsas.it utilizza anche servizi di analisi di terze parti (come Google Analytics) per raccogliere queste informazioni per l\u2019analisi.<\/p>\n\n\n\n<p>Per qualsisi altra informazione non esitate a contattarci:<\/p>\n\n\n\n<p><strong>Powertech Sas<\/strong><br><strong>Indirizzo<\/strong>: Via delle Industrie 228\/A 17012 Albissola Marina (SV)<br><strong>Email<\/strong>: vendite@powertechsas.it<br><strong>Telefono<\/strong>: 019 22117255 \/ 351 6149160<\/p>\n","protected":false},"excerpt":{"rendered":"<p>Qui in Powertech prendiamo molto seriamente la privacy personale. Come regola generale powertechsas.it non raccoglie le tue informazioni personali a meno che tu non decida di fornirci tali informazioni. Quando scegli di fornirci le tue informazioni personali, stai dando a powertechsas.it la tua autorizzazione a utilizzare tali informazioni per gli scopi indicati nella presente informativa&hellip;&nbsp;<a href=\"https:\/\/www.powertechsas.it\/shop\/privacy_policy\/\" rel=\"bookmark\">Leggi tutto &raquo;<span class=\"screen-reader-text\">Privacy policy<\/span><\/a><\/p>\n","protected":false},"author":2,"featured_media":0,"parent":0,"menu_order":0,"comment_status":"closed","ping_status":"closed","template":"","meta":{"neve_meta_sidebar":"","neve_meta_container":"","neve_meta_enable_content_width":"","neve_meta_content_width":0,"neve_meta_title_alignment":"","neve_meta_author_avatar":"","neve_post_elements_order":"","neve_meta_disable_header":"","neve_meta_disable_footer":"","neve_meta_disable_title":"","footnotes":""},"class_list":["post-2","page","type-page","status-publish","hentry"],"yoast_head":"<!-- This site is optimized with the Yoast SEO plugin v27.4 - https:\/\/yoast.com\/product\/yoast-seo-wordpress\/ -->\n<title>Privacy policy - Powertech Sas<\/title>\n<meta name=\"robots\" content=\"index, follow, max-snippet:-1, max-image-preview:large, max-video-preview:-1\" \/>\n<link rel=\"canonical\" href=\"https:\/\/www.powertechsas.it\/shop\/privacy_policy\/\" \/>\n<meta property=\"og:locale\" content=\"it_IT\" \/>\n<meta property=\"og:type\" content=\"article\" \/>\n<meta property=\"og:title\" content=\"Privacy policy - Powertech Sas\" \/>\n<meta property=\"og:description\" content=\"Qui in Powertech prendiamo molto seriamente la privacy personale. Come regola generale powertechsas.it non raccoglie le tue informazioni personali a meno che tu non decida di fornirci tali informazioni. Quando scegli di fornirci le tue informazioni personali, stai dando a powertechsas.it la tua autorizzazione a utilizzare tali informazioni per gli scopi indicati nella presente informativa&hellip;&nbsp;Leggi tutto &raquo;Privacy policy\" \/>\n<meta property=\"og:url\" content=\"https:\/\/www.powertechsas.it\/shop\/privacy_policy\/\" \/>\n<meta property=\"og:site_name\" content=\"Powertech Sas\" \/>\n<meta property=\"article:modified_time\" content=\"2024-10-09T14:34:56+00:00\" \/>\n<meta name=\"twitter:card\" content=\"summary_large_image\" \/>\n<meta name=\"twitter:label1\" content=\"Tempo di lettura stimato\" \/>\n\t<meta name=\"twitter:data1\" content=\"3 minuti\" \/>\n<script type=\"application\/ld+json\" class=\"yoast-schema-graph\">{\"@context\":\"https:\\\/\\\/schema.org\",\"@graph\":[{\"@type\":\"WebPage\",\"@id\":\"https:\\\/\\\/www.powertechsas.it\\\/shop\\\/privacy_policy\\\/\",\"url\":\"https:\\\/\\\/www.powertechsas.it\\\/shop\\\/privacy_policy\\\/\",\"name\":\"Privacy policy - Powertech Sas\",\"isPartOf\":{\"@id\":\"https:\\\/\\\/www.powertechsas.it\\\/shop\\\/#website\"},\"datePublished\":\"2020-07-06T20:32:09+00:00\",\"dateModified\":\"2024-10-09T14:34:56+00:00\",\"breadcrumb\":{\"@id\":\"https:\\\/\\\/www.powertechsas.it\\\/shop\\\/privacy_policy\\\/#breadcrumb\"},\"inLanguage\":\"it-IT\",\"potentialAction\":[{\"@type\":\"ReadAction\",\"target\":[\"https:\\\/\\\/www.powertechsas.it\\\/shop\\\/privacy_policy\\\/\"]}]},{\"@type\":\"BreadcrumbList\",\"@id\":\"https:\\\/\\\/www.powertechsas.it\\\/shop\\\/privacy_policy\\\/#breadcrumb\",\"itemListElement\":[{\"@type\":\"ListItem\",\"position\":1,\"name\":\"Home\",\"item\":\"https:\\\/\\\/www.powertechsas.it\\\/shop\\\/\"},{\"@type\":\"ListItem\",\"position\":2,\"name\":\"Privacy policy\"}]},{\"@type\":\"WebSite\",\"@id\":\"https:\\\/\\\/www.powertechsas.it\\\/shop\\\/#website\",\"url\":\"https:\\\/\\\/www.powertechsas.it\\\/shop\\\/\",\"name\":\"Powertech Sas\",\"description\":\"Inverter e accessori per saldatura\",\"publisher\":{\"@id\":\"https:\\\/\\\/www.powertechsas.it\\\/shop\\\/#organization\"},\"potentialAction\":[{\"@type\":\"SearchAction\",\"target\":{\"@type\":\"EntryPoint\",\"urlTemplate\":\"https:\\\/\\\/www.powertechsas.it\\\/shop\\\/?s={search_term_string}\"},\"query-input\":{\"@type\":\"PropertyValueSpecification\",\"valueRequired\":true,\"valueName\":\"search_term_string\"}}],\"inLanguage\":\"it-IT\"},{\"@type\":\"Organization\",\"@id\":\"https:\\\/\\\/www.powertechsas.it\\\/shop\\\/#organization\",\"name\":\"Powertech Sas\",\"url\":\"https:\\\/\\\/www.powertechsas.it\\\/shop\\\/\",\"logo\":{\"@type\":\"ImageObject\",\"inLanguage\":\"it-IT\",\"@id\":\"https:\\\/\\\/www.powertechsas.it\\\/shop\\\/#\\\/schema\\\/logo\\\/image\\\/\",\"url\":\"https:\\\/\\\/www.powertechsas.it\\\/shop\\\/wp-content\\\/uploads\\\/2021\\\/10\\\/cropped-logo_powertech_s-e1643703673890.png\",\"contentUrl\":\"https:\\\/\\\/www.powertechsas.it\\\/shop\\\/wp-content\\\/uploads\\\/2021\\\/10\\\/cropped-logo_powertech_s-e1643703673890.png\",\"width\":150,\"height\":109,\"caption\":\"Powertech Sas\"},\"image\":{\"@id\":\"https:\\\/\\\/www.powertechsas.it\\\/shop\\\/#\\\/schema\\\/logo\\\/image\\\/\"}}]}<\/script>\n<!-- \/ Yoast SEO plugin. -->","yoast_head_json":{"title":"Privacy policy - Powertech Sas","robots":{"index":"index","follow":"follow","max-snippet":"max-snippet:-1","max-image-preview":"max-image-preview:large","max-video-preview":"max-video-preview:-1"},"canonical":"https:\/\/www.powertechsas.it\/shop\/privacy_policy\/","og_locale":"it_IT","og_type":"article","og_title":"Privacy policy - Powertech Sas","og_description":"Qui in Powertech prendiamo molto seriamente la privacy personale. Come regola generale powertechsas.it non raccoglie le tue informazioni personali a meno che tu non decida di fornirci tali informazioni. Quando scegli di fornirci le tue informazioni personali, stai dando a powertechsas.it la tua autorizzazione a utilizzare tali informazioni per gli scopi indicati nella presente informativa&hellip;&nbsp;Leggi tutto &raquo;Privacy policy","og_url":"https:\/\/www.powertechsas.it\/shop\/privacy_policy\/","og_site_name":"Powertech Sas","article_modified_time":"2024-10-09T14:34:56+00:00","twitter_card":"summary_large_image","twitter_misc":{"Tempo di lettura stimato":"3 minuti"},"schema":{"@context":"https:\/\/schema.org","@graph":[{"@type":"WebPage","@id":"https:\/\/www.powertechsas.it\/shop\/privacy_policy\/","url":"https:\/\/www.powertechsas.it\/shop\/privacy_policy\/","name":"Privacy policy - Powertech Sas","isPartOf":{"@id":"https:\/\/www.powertechsas.it\/shop\/#website"},"datePublished":"2020-07-06T20:32:09+00:00","dateModified":"2024-10-09T14:34:56+00:00","breadcrumb":{"@id":"https:\/\/www.powertechsas.it\/shop\/privacy_policy\/#breadcrumb"},"inLanguage":"it-IT","potentialAction":[{"@type":"ReadAction","target":["https:\/\/www.powertechsas.it\/shop\/privacy_policy\/"]}]},{"@type":"BreadcrumbList","@id":"https:\/\/www.powertechsas.it\/shop\/privacy_policy\/#breadcrumb","itemListElement":[{"@type":"ListItem","position":1,"name":"Home","item":"https:\/\/www.powertechsas.it\/shop\/"},{"@type":"ListItem","position":2,"name":"Privacy policy"}]},{"@type":"WebSite","@id":"https:\/\/www.powertechsas.it\/shop\/#website","url":"https:\/\/www.powertechsas.it\/shop\/","name":"Powertech Sas","description":"Inverter e accessori per saldatura","publisher":{"@id":"https:\/\/www.powertechsas.it\/shop\/#organization"},"potentialAction":[{"@type":"SearchAction","target":{"@type":"EntryPoint","urlTemplate":"https:\/\/www.powertechsas.it\/shop\/?s={search_term_string}"},"query-input":{"@type":"PropertyValueSpecification","valueRequired":true,"valueName":"search_term_string"}}],"inLanguage":"it-IT"},{"@type":"Organization","@id":"https:\/\/www.powertechsas.it\/shop\/#organization","name":"Powertech Sas","url":"https:\/\/www.powertechsas.it\/shop\/","logo":{"@type":"ImageObject","inLanguage":"it-IT","@id":"https:\/\/www.powertechsas.it\/shop\/#\/schema\/logo\/image\/","url":"https:\/\/www.powertechsas.it\/shop\/wp-content\/uploads\/2021\/10\/cropped-logo_powertech_s-e1643703673890.png","contentUrl":"https:\/\/www.powertechsas.it\/shop\/wp-content\/uploads\/2021\/10\/cropped-logo_powertech_s-e1643703673890.png","width":150,"height":109,"caption":"Powertech Sas"},"image":{"@id":"https:\/\/www.powertechsas.it\/shop\/#\/schema\/logo\/image\/"}}]}},"_links":{"self":[{"href":"https:\/\/www.powertechsas.it\/shop\/wp-json\/wp\/v2\/pages\/2","targetHints":{"allow":["GET"]}}],"collection":[{"href":"https:\/\/www.powertechsas.it\/shop\/wp-json\/wp\/v2\/pages"}],"about":[{"href":"https:\/\/www.powertechsas.it\/shop\/wp-json\/wp\/v2\/types\/page"}],"author":[{"embeddable":true,"href":"https:\/\/www.powertechsas.it\/shop\/wp-json\/wp\/v2\/users\/2"}],"replies":[{"embeddable":true,"href":"https:\/\/www.powertechsas.it\/shop\/wp-json\/wp\/v2\/comments?post=2"}],"version-history":[{"count":5,"href":"https:\/\/www.powertechsas.it\/shop\/wp-json\/wp\/v2\/pages\/2\/revisions"}],"predecessor-version":[{"id":1571,"href":"https:\/\/www.powertechsas.it\/shop\/wp-json\/wp\/v2\/pages\/2\/revisions\/1571"}],"wp:attachment":[{"href":"https:\/\/www.powertechsas.it\/shop\/wp-json\/wp\/v2\/media?parent=2"}],"curies":[{"name":"wp","href":"https:\/\/api.w.org\/{rel}","templated":true}]}}