{"id":851,"date":"2020-10-25T14:14:50","date_gmt":"2020-10-25T13:14:50","guid":{"rendered":"https:\/\/www.powertechsas.it\/shop\/?page_id=851"},"modified":"2021-07-28T09:29:46","modified_gmt":"2021-07-28T07:29:46","slug":"disclaimer","status":"publish","type":"page","link":"https:\/\/www.powertechsas.it\/shop\/privacy_policy\/disclaimer\/","title":{"rendered":"Disclaimer"},"content":{"rendered":"\n<h3 class=\"wp-block-heading\">Dichiarazione di non responsabilita<\/h3>\n\n\n\n<p><strong>CONDIZIONI GENERALI DI UTILIZZO DEL SITO WEB<\/strong><br>Powertech Sas \u00e8 proprietaria del sito, che aggiorna e gestisce autonomamente. Il sito ha per obiettivo la diffusione di informazioni e notizie sui servizi oggetto dell&#8217;attivit\u00e0 commerciale di Powertech Sas. Il sito pu\u00f2 proporre links di accesso a siti di altri enti o di societ\u00e0: Powertech Sas non pu\u00f2 ritenersi responsabile circa la loro disponibilit\u00e0, il loro contenuto, i prodotti ed i servizi offerti, n\u00e8, tanto meno, di eventuali danni o perdite occorsi in conseguenza del loro utilizzo. Non \u00e8, peraltro, responsabile delle modalit\u00e0 e delle finalit\u00e0 di raccolta e di trattamento dei dati personali da parte di tali soggetti terzi. Powertech Sas non si assume nessuna responsabilit\u00e0 per danni di qualsiasi tipo derivanti dall&#8217;accesso a\/o dall&#8217;impossibilit\u00e0 di accedere a questo sito, o dall&#8217;utilizzo del medesimo. Powertech Sas si riserva, a propria discrezione, ed in qualunque momento, il diritto di:<br>\u2022 modificare queste condizioni di utilizzo;<br>\u2022 controllare ed eliminare il materiale inviato al sito;<br>\u2022 interrompere la disponibilit\u00e0 del sito in qualsiasi momento e senza preavviso.<br>L&#8217;utente e Powertech Sas concordano che le leggi ed i regolamenti dello Stato italiano e della Comunit\u00e0 Europea, troveranno applicazione per tutte le questioni relative all&#8217;utilizzo del presente sito Web. L&#8217;utente e Powertech Sas concordano inoltre di assoggettarsi esclusivamente alla competenza del Foro di Asti per le questioni di cui sopra. Utilizzando questo sito, l&#8217;utente implicitamente accetta i termini e le condizioni qui riportate.<\/p>\n\n\n\n<p>Se comunque l\u2019utente dovesse riscontrare qualcosa di incorretto o non aggiornato, saremmo grati se potesse farcelo sapere. L\u2019utente \u00e8 pregato di indicare in quale zona del sito web ha letto l\u2019informazione che ritiene errata, inviandoci un\u2019email a: info@powertechsas.it.<br><br><strong>COPYRIGHT<\/strong><br>La documentazione, le immagini, i caratteri, il lavoro artistico, la grafica, il software e gli altri contenuti del sito, tutti i codici e format scripts per implementare il sito, sono di propriet\u00e0 della nostra societ\u00e0 oppure di diritto esclusivo dei legittimi titolari. Il materiale contenuto nel sito Web \u00e8 protetto da copyright. E&#8217; fatto, pertanto, divieto di copiare, modificare, caricare, scaricare, trasmettere, pubblicare, o distribuire per se stessi o per terzi per scopi commerciali se non dietro autorizzazione scritta di Powertech Sas.<br><br><strong>NOTA LEGALE<\/strong><br>Powertech Sas mette a disposizione questo sito e i suoi contenuti cos\u00ec come sono e non fornisce alcuna dichiarazione n\u00e9 di garanzia n\u00e8 di alcun genere in merito.<br>Powertech Sas disconosce qualsiasi dichiarazione e garanzia del genere, per esempio, le garanzie di commerciabilit\u00e0 e idoneit\u00e0 per un particolare scopo.<br>Inoltre, bench\u00e9 le informazioni fornite siano ritenute accurate, Powertech Sas non dichiara o garantisce che le informazioni rese accessibili attraverso questo sito non contengano errori, n\u00e9 che il sito sia completo o aggiornato.<br>Laddove non indicato specificatamente su questo sito, n\u00e9 Powertech Sas n\u00e9 alcuno dei suoi amministratori, dipendenti o altri rappresentanti saranno ritenuti responsabili per danni derivanti o collegati all&#8217;utilizzo di questo sito. Tale limitazione di responsabilit\u00e0 si applica a tutti i danni di qualsiasi genere, compresi (illimitatamente) danni risarcitori, diretti o indiretti, perdita di dati, ricavi o profitti, perdita o danneggiamento della propriet\u00e0 e ricorsi di terze parti.<br>Powertech Sas raccoglie informazioni che le consentono di contattare o localizzare fisicamente un utente tramite indirizzo, numero di telefono, nome e cognome o altre combinazioni di dati.<br>Powertech Sas raccoglie informazioni che le consentono di contattare un utente Internet tramite l&#8217;e-mail o la URL del sito Web.<br>Powertech Sas raccoglie informazioni non finanziarie, quali per esempio la password di un sito Web e\/o i cookie Internet, che le consentono una corretta identificazione dell&#8217;utente durante la sua navigazione su www.Powertech Sas.it<br>Gli utenti del sito Web www.Powertech Sas.it possono generare dati attraverso interazioni esplicite, per esempio le query o altre transazioni.<br>\u00c8 possibile la richiesta e la raccolta di dati di carattere demografico e socioeconomico, quali per esempio sesso, et\u00e0, area geografica di residenza o reddito, durante la sessione di navigazione dell&#8217;utente.<br>\u00c8 possibile la raccolta di informazioni riguardanti i gusti e le preferenze personali degli utenti, per esempio il colore preferito, il genere musicale, lo sport, le opinioni la precedente lista e solo a scopo esemplificativo e non esaustivo.<br>Powertech Sas utilizza queste informazioni a scopo di integrazione e supporto dell&#8217;attivit\u00e0 corrente, del sito Web e dell&#8217;amministrazione del sistema, di personalizzazione di un sito Web, di ricerca e sviluppo e di contatto dei visitatori per la commercializzazione di servizi e prodotti.<br>Le suddette informazioni possono essere distribuite all&#8217;interno dell&#8217;azienda e ai suoi partner. Inoltre, queste informazioni possono essere utilizzate in modo tale da consentire l&#8217;identificazione personale di un utente ai fini legali e giuridici.<\/p>\n\n\n\n<p>I contenuti di questo sito sono rilasciati sotto Licenza Creative Commons Attribuzione 3.0 Italia, eccetto dove specificato diversamente.<\/p>\n\n\n\n<p>Per domande o per sapere quali tuoi dati personali abbiamo, per favore contattaci utilizzando l\u2019email: info@powertechsas.it<\/p>\n","protected":false},"excerpt":{"rendered":"<p>Dichiarazione di non responsabilita CONDIZIONI GENERALI DI UTILIZZO DEL SITO WEBPowertech Sas \u00e8 proprietaria del sito, che aggiorna e gestisce autonomamente. Il sito ha per obiettivo la diffusione di informazioni e notizie sui servizi oggetto dell&#8217;attivit\u00e0 commerciale di Powertech Sas. Il sito pu\u00f2 proporre links di accesso a siti di altri enti o di societ\u00e0:&hellip;&nbsp;<a href=\"https:\/\/www.powertechsas.it\/shop\/privacy_policy\/disclaimer\/\" rel=\"bookmark\">Leggi tutto &raquo;<span class=\"screen-reader-text\">Disclaimer<\/span><\/a><\/p>\n","protected":false},"author":2,"featured_media":0,"parent":2,"menu_order":0,"comment_status":"closed","ping_status":"closed","template":"","meta":{"neve_meta_sidebar":"","neve_meta_container":"","neve_meta_enable_content_width":"","neve_meta_content_width":0,"neve_meta_title_alignment":"","neve_meta_author_avatar":"","neve_post_elements_order":"","neve_meta_disable_header":"","neve_meta_disable_footer":"","neve_meta_disable_title":"","footnotes":""},"class_list":["post-851","page","type-page","status-publish","hentry"],"yoast_head":"<!-- This site is optimized with the Yoast SEO plugin v27.4 - https:\/\/yoast.com\/product\/yoast-seo-wordpress\/ -->\n<title>Disclaimer - Powertech Sas<\/title>\n<meta name=\"robots\" content=\"index, follow, max-snippet:-1, max-image-preview:large, max-video-preview:-1\" \/>\n<link rel=\"canonical\" href=\"https:\/\/www.powertechsas.it\/shop\/privacy_policy\/disclaimer\/\" \/>\n<meta property=\"og:locale\" content=\"it_IT\" \/>\n<meta property=\"og:type\" content=\"article\" \/>\n<meta property=\"og:title\" content=\"Disclaimer - Powertech Sas\" \/>\n<meta property=\"og:description\" content=\"Dichiarazione di non responsabilita CONDIZIONI GENERALI DI UTILIZZO DEL SITO WEBPowertech Sas \u00e8 proprietaria del sito, che aggiorna e gestisce autonomamente. Il sito ha per obiettivo la diffusione di informazioni e notizie sui servizi oggetto dell&#8217;attivit\u00e0 commerciale di Powertech Sas. Il sito pu\u00f2 proporre links di accesso a siti di altri enti o di societ\u00e0:&hellip;&nbsp;Leggi tutto &raquo;Disclaimer\" \/>\n<meta property=\"og:url\" content=\"https:\/\/www.powertechsas.it\/shop\/privacy_policy\/disclaimer\/\" \/>\n<meta property=\"og:site_name\" content=\"Powertech Sas\" \/>\n<meta property=\"article:modified_time\" content=\"2021-07-28T07:29:46+00:00\" \/>\n<meta name=\"twitter:card\" content=\"summary_large_image\" \/>\n<meta name=\"twitter:label1\" content=\"Tempo di lettura stimato\" \/>\n\t<meta name=\"twitter:data1\" content=\"4 minuti\" \/>\n<script type=\"application\/ld+json\" class=\"yoast-schema-graph\">{\"@context\":\"https:\\\/\\\/schema.org\",\"@graph\":[{\"@type\":\"WebPage\",\"@id\":\"https:\\\/\\\/www.powertechsas.it\\\/shop\\\/privacy_policy\\\/disclaimer\\\/\",\"url\":\"https:\\\/\\\/www.powertechsas.it\\\/shop\\\/privacy_policy\\\/disclaimer\\\/\",\"name\":\"Disclaimer - Powertech Sas\",\"isPartOf\":{\"@id\":\"https:\\\/\\\/www.powertechsas.it\\\/shop\\\/#website\"},\"datePublished\":\"2020-10-25T13:14:50+00:00\",\"dateModified\":\"2021-07-28T07:29:46+00:00\",\"breadcrumb\":{\"@id\":\"https:\\\/\\\/www.powertechsas.it\\\/shop\\\/privacy_policy\\\/disclaimer\\\/#breadcrumb\"},\"inLanguage\":\"it-IT\",\"potentialAction\":[{\"@type\":\"ReadAction\",\"target\":[\"https:\\\/\\\/www.powertechsas.it\\\/shop\\\/privacy_policy\\\/disclaimer\\\/\"]}]},{\"@type\":\"BreadcrumbList\",\"@id\":\"https:\\\/\\\/www.powertechsas.it\\\/shop\\\/privacy_policy\\\/disclaimer\\\/#breadcrumb\",\"itemListElement\":[{\"@type\":\"ListItem\",\"position\":1,\"name\":\"Home\",\"item\":\"https:\\\/\\\/www.powertechsas.it\\\/shop\\\/\"},{\"@type\":\"ListItem\",\"position\":2,\"name\":\"Privacy policy\",\"item\":\"https:\\\/\\\/www.powertechsas.it\\\/shop\\\/privacy_policy\\\/\"},{\"@type\":\"ListItem\",\"position\":3,\"name\":\"Disclaimer\"}]},{\"@type\":\"WebSite\",\"@id\":\"https:\\\/\\\/www.powertechsas.it\\\/shop\\\/#website\",\"url\":\"https:\\\/\\\/www.powertechsas.it\\\/shop\\\/\",\"name\":\"Powertech Sas\",\"description\":\"Inverter e accessori per saldatura\",\"publisher\":{\"@id\":\"https:\\\/\\\/www.powertechsas.it\\\/shop\\\/#organization\"},\"potentialAction\":[{\"@type\":\"SearchAction\",\"target\":{\"@type\":\"EntryPoint\",\"urlTemplate\":\"https:\\\/\\\/www.powertechsas.it\\\/shop\\\/?s={search_term_string}\"},\"query-input\":{\"@type\":\"PropertyValueSpecification\",\"valueRequired\":true,\"valueName\":\"search_term_string\"}}],\"inLanguage\":\"it-IT\"},{\"@type\":\"Organization\",\"@id\":\"https:\\\/\\\/www.powertechsas.it\\\/shop\\\/#organization\",\"name\":\"Powertech Sas\",\"url\":\"https:\\\/\\\/www.powertechsas.it\\\/shop\\\/\",\"logo\":{\"@type\":\"ImageObject\",\"inLanguage\":\"it-IT\",\"@id\":\"https:\\\/\\\/www.powertechsas.it\\\/shop\\\/#\\\/schema\\\/logo\\\/image\\\/\",\"url\":\"https:\\\/\\\/www.powertechsas.it\\\/shop\\\/wp-content\\\/uploads\\\/2021\\\/10\\\/cropped-logo_powertech_s-e1643703673890.png\",\"contentUrl\":\"https:\\\/\\\/www.powertechsas.it\\\/shop\\\/wp-content\\\/uploads\\\/2021\\\/10\\\/cropped-logo_powertech_s-e1643703673890.png\",\"width\":150,\"height\":109,\"caption\":\"Powertech Sas\"},\"image\":{\"@id\":\"https:\\\/\\\/www.powertechsas.it\\\/shop\\\/#\\\/schema\\\/logo\\\/image\\\/\"}}]}<\/script>\n<!-- \/ Yoast SEO plugin. -->","yoast_head_json":{"title":"Disclaimer - Powertech Sas","robots":{"index":"index","follow":"follow","max-snippet":"max-snippet:-1","max-image-preview":"max-image-preview:large","max-video-preview":"max-video-preview:-1"},"canonical":"https:\/\/www.powertechsas.it\/shop\/privacy_policy\/disclaimer\/","og_locale":"it_IT","og_type":"article","og_title":"Disclaimer - Powertech Sas","og_description":"Dichiarazione di non responsabilita CONDIZIONI GENERALI DI UTILIZZO DEL SITO WEBPowertech Sas \u00e8 proprietaria del sito, che aggiorna e gestisce autonomamente. Il sito ha per obiettivo la diffusione di informazioni e notizie sui servizi oggetto dell&#8217;attivit\u00e0 commerciale di Powertech Sas. Il sito pu\u00f2 proporre links di accesso a siti di altri enti o di societ\u00e0:&hellip;&nbsp;Leggi tutto &raquo;Disclaimer","og_url":"https:\/\/www.powertechsas.it\/shop\/privacy_policy\/disclaimer\/","og_site_name":"Powertech Sas","article_modified_time":"2021-07-28T07:29:46+00:00","twitter_card":"summary_large_image","twitter_misc":{"Tempo di lettura stimato":"4 minuti"},"schema":{"@context":"https:\/\/schema.org","@graph":[{"@type":"WebPage","@id":"https:\/\/www.powertechsas.it\/shop\/privacy_policy\/disclaimer\/","url":"https:\/\/www.powertechsas.it\/shop\/privacy_policy\/disclaimer\/","name":"Disclaimer - Powertech Sas","isPartOf":{"@id":"https:\/\/www.powertechsas.it\/shop\/#website"},"datePublished":"2020-10-25T13:14:50+00:00","dateModified":"2021-07-28T07:29:46+00:00","breadcrumb":{"@id":"https:\/\/www.powertechsas.it\/shop\/privacy_policy\/disclaimer\/#breadcrumb"},"inLanguage":"it-IT","potentialAction":[{"@type":"ReadAction","target":["https:\/\/www.powertechsas.it\/shop\/privacy_policy\/disclaimer\/"]}]},{"@type":"BreadcrumbList","@id":"https:\/\/www.powertechsas.it\/shop\/privacy_policy\/disclaimer\/#breadcrumb","itemListElement":[{"@type":"ListItem","position":1,"name":"Home","item":"https:\/\/www.powertechsas.it\/shop\/"},{"@type":"ListItem","position":2,"name":"Privacy policy","item":"https:\/\/www.powertechsas.it\/shop\/privacy_policy\/"},{"@type":"ListItem","position":3,"name":"Disclaimer"}]},{"@type":"WebSite","@id":"https:\/\/www.powertechsas.it\/shop\/#website","url":"https:\/\/www.powertechsas.it\/shop\/","name":"Powertech Sas","description":"Inverter e accessori per saldatura","publisher":{"@id":"https:\/\/www.powertechsas.it\/shop\/#organization"},"potentialAction":[{"@type":"SearchAction","target":{"@type":"EntryPoint","urlTemplate":"https:\/\/www.powertechsas.it\/shop\/?s={search_term_string}"},"query-input":{"@type":"PropertyValueSpecification","valueRequired":true,"valueName":"search_term_string"}}],"inLanguage":"it-IT"},{"@type":"Organization","@id":"https:\/\/www.powertechsas.it\/shop\/#organization","name":"Powertech Sas","url":"https:\/\/www.powertechsas.it\/shop\/","logo":{"@type":"ImageObject","inLanguage":"it-IT","@id":"https:\/\/www.powertechsas.it\/shop\/#\/schema\/logo\/image\/","url":"https:\/\/www.powertechsas.it\/shop\/wp-content\/uploads\/2021\/10\/cropped-logo_powertech_s-e1643703673890.png","contentUrl":"https:\/\/www.powertechsas.it\/shop\/wp-content\/uploads\/2021\/10\/cropped-logo_powertech_s-e1643703673890.png","width":150,"height":109,"caption":"Powertech Sas"},"image":{"@id":"https:\/\/www.powertechsas.it\/shop\/#\/schema\/logo\/image\/"}}]}},"_links":{"self":[{"href":"https:\/\/www.powertechsas.it\/shop\/wp-json\/wp\/v2\/pages\/851","targetHints":{"allow":["GET"]}}],"collection":[{"href":"https:\/\/www.powertechsas.it\/shop\/wp-json\/wp\/v2\/pages"}],"about":[{"href":"https:\/\/www.powertechsas.it\/shop\/wp-json\/wp\/v2\/types\/page"}],"author":[{"embeddable":true,"href":"https:\/\/www.powertechsas.it\/shop\/wp-json\/wp\/v2\/users\/2"}],"replies":[{"embeddable":true,"href":"https:\/\/www.powertechsas.it\/shop\/wp-json\/wp\/v2\/comments?post=851"}],"version-history":[{"count":4,"href":"https:\/\/www.powertechsas.it\/shop\/wp-json\/wp\/v2\/pages\/851\/revisions"}],"predecessor-version":[{"id":911,"href":"https:\/\/www.powertechsas.it\/shop\/wp-json\/wp\/v2\/pages\/851\/revisions\/911"}],"up":[{"embeddable":true,"href":"https:\/\/www.powertechsas.it\/shop\/wp-json\/wp\/v2\/pages\/2"}],"wp:attachment":[{"href":"https:\/\/www.powertechsas.it\/shop\/wp-json\/wp\/v2\/media?parent=851"}],"curies":[{"name":"wp","href":"https:\/\/api.w.org\/{rel}","templated":true}]}}